{"id":30,"date":"2024-11-23T14:44:47","date_gmt":"2024-11-23T13:44:47","guid":{"rendered":"https:\/\/www.domainedelaretiere.fr\/?page_id=30"},"modified":"2024-11-23T14:44:47","modified_gmt":"2024-11-23T13:44:47","slug":"le-bib-bourriche-muscadet","status":"publish","type":"page","link":"https:\/\/www.domainedelaretiere.fr\/index.php\/le-bib-bourriche-muscadet\/","title":{"rendered":"Le BIB Bourriche Muscadet"},"content":{"rendered":"\n<figure class=\"wp-block-image\"><img decoding=\"async\" src=\"https:\/\/web.archive.org\/web\/20240530192352im_\/https:\/\/domainedelaretiere.fr\/wp-content\/uploads\/2020\/08\/20200803_151756-150x150.jpg\" alt=\"\"\/><\/figure>\n\n\n\n<h2 class=\"wp-block-heading\">Pourquoi du Muscadet AOC en BIB<\/h2>\n\n\n\n<ul class=\"wp-block-list\">\n<li>Tout d\u2019abord ce BIB est un emballage 100% naturel:\n<ul class=\"wp-block-list\">\n<li>du bois avec de la colle alimentaire biod\u00e9gradable<\/li>\n\n\n\n<li>du carton et une outre recycable<\/li>\n<\/ul>\n<\/li>\n\n\n\n<li>Ensuite les 2 paniers peuvent \u00eatre r\u00e9utilis\u00e9 pour le rangement, d\u00e9coration ou encore allumer le barbecue!<\/li>\n<\/ul>\n\n\n\n<p>En plus d\u2019\u00eatre pratique et original pour accompagner les soir\u00e9es entre amis, les ap\u00e9ritifs, les picnics, et forc\u00e9ment les d\u00e9gustations de fruits de mer au bord de la c\u00f4te ou ailleurs\u2026 ce BIB est techniquement int\u00e9ressant:<\/p>\n\n\n\n<ul class=\"wp-block-list\">\n<li>Pour la r\u00e9duction de l\u2019impact CO2:\n<ul class=\"wp-block-list\">\n<li>c\u2019est une alternative qui permet de remplacer le verre, qui repr\u00e9sente \u00e0 lui seul autour de 20% de l\u2019impact carbone d\u2019une bouteille<\/li>\n\n\n\n<li>un contenant plus grand (3 litres) diminue l\u2019impact ramen\u00e9 \u00e0 la bouteille<\/li>\n<\/ul>\n<\/li>\n<\/ul>\n\n\n\n<h2 class=\"wp-block-heading\">Appellation<\/h2>\n\n\n\n<p>Muscadet C\u00f4tes de Grandlieu, avec Apellation d\u2019Origine Control\u00e9e (AOC), Vin blanc sec<\/p>\n\n\n\n<h2 class=\"wp-block-heading\">C\u00e9page<\/h2>\n\n\n\n<p>Melon de Bourgogne 100%.<\/p>\n\n\n\n<h2 class=\"wp-block-heading\">Accompagnement<\/h2>\n\n\n\n<p>La temp\u00e9rature id\u00e9ale de ce vin se situe entre 10 et 12\u00b0. Il se boit frais, en ap\u00e9ritif ou au cours des repas. Il s\u2019accorde \u00e0 merveille avec les hu\u00eetres, les coquillages, les fruits de mer, les poissons et les viandes blanches.<\/p>\n\n\n\n<h2 class=\"wp-block-heading\">Garde<\/h2>\n\n\n\n<p>Pr\u00eat \u00e0 boire. Peut se conserver 5 \u00e0 6 semaines apr\u00e8s ouverture.<\/p>\n\n\n\n<h2 class=\"wp-block-heading\">Conditionnement<\/h2>\n\n\n\n<p>En BIB de 3 litres.<\/p>\n","protected":false},"excerpt":{"rendered":"<p>Pourquoi du Muscadet AOC en BIB En plus d\u2019\u00eatre pratique et original pour accompagner les soir\u00e9es entre amis, les ap\u00e9ritifs, les picnics, et forc\u00e9ment les d\u00e9gustations de fruits de mer au bord de la c\u00f4te ou ailleurs\u2026 ce BIB est techniquement int\u00e9ressant: Appellation Muscadet C\u00f4tes de Grandlieu, avec Apellation d\u2019Origine Control\u00e9e (AOC), Vin blanc sec [&hellip;]<\/p>\n","protected":false},"author":1,"featured_media":0,"parent":0,"menu_order":0,"comment_status":"closed","ping_status":"closed","template":"","meta":{"footnotes":""},"class_list":["post-30","page","type-page","status-publish","hentry"],"aioseo_notices":[],"_links":{"self":[{"href":"https:\/\/www.domainedelaretiere.fr\/index.php\/wp-json\/wp\/v2\/pages\/30","targetHints":{"allow":["GET"]}}],"collection":[{"href":"https:\/\/www.domainedelaretiere.fr\/index.php\/wp-json\/wp\/v2\/pages"}],"about":[{"href":"https:\/\/www.domainedelaretiere.fr\/index.php\/wp-json\/wp\/v2\/types\/page"}],"author":[{"embeddable":true,"href":"https:\/\/www.domainedelaretiere.fr\/index.php\/wp-json\/wp\/v2\/users\/1"}],"replies":[{"embeddable":true,"href":"https:\/\/www.domainedelaretiere.fr\/index.php\/wp-json\/wp\/v2\/comments?post=30"}],"version-history":[{"count":1,"href":"https:\/\/www.domainedelaretiere.fr\/index.php\/wp-json\/wp\/v2\/pages\/30\/revisions"}],"predecessor-version":[{"id":31,"href":"https:\/\/www.domainedelaretiere.fr\/index.php\/wp-json\/wp\/v2\/pages\/30\/revisions\/31"}],"wp:attachment":[{"href":"https:\/\/www.domainedelaretiere.fr\/index.php\/wp-json\/wp\/v2\/media?parent=30"}],"curies":[{"name":"wp","href":"https:\/\/api.w.org\/{rel}","templated":true}]}}